late the remainder when f is divided by x.
19
Suppose -3*k + 9*k - 84 = 0. What is the remainder when 26 is divided by k?
12
Suppose 4*z - u - 63 = 0, -2*z - 5*u + 4*u = -39. Suppose n + 0 = 2. Suppose -n*k + 94 = -6. Calculate the remainder when k is divided by z.
16
Suppose 0 = 5*h - 5, -2*h = -3*j - 5*h + 123. Suppose -7*p = -2*p - 2*x - 80, -5*p - 2*x = -60. Calculate the remainder when j is divided by p.
12
Let l = -54 - -56. What is the remainder when 25 is divided by l?
1
Suppose 1 = -c - g + 3, -5*c - 2*g = -22. What is the remainder when 10 is divided by c?
4
Let o = -8 + 108. Suppose -6*g + o = -g. Calculate the remainder when g is divided by 7.
6
Let b(w) = w**3 + 4*w**2 + w + 1. Let y be (-16)/6 + 2/(-6). Let c = 35 - 32. Calculate the remainder when b(y) is divided by c.
1
Let m = 28 + -16. Let q(x) = 0*x + 4*x + 9 - 7*x - x**3 + 8*x**2 - 5*x. What is the remainder when q(6) is divided by m?
9
Suppose 116 = 3*y - 3*k - 13, 4*k = -y + 53. What is the remainder when y is divided by 16?
13
Let u(f) = f**2 + 10*f + 4. Let j be u(-10). Suppose 2*v = 4*v - j. Suppose 3*r - 4 = -v*q, r = 2*q - 0 - 4. What is the remainder when 2 is divided by q?
0
Suppose 0 = 3*o - 3. Suppose 0 = 2*u + 5*d - 25, u = -u + 3*d + o. What is the remainder when 8 is divided by u?
3
Suppose 3*z = -0*x + x - 18, -4*x + 18 = -3*z. Let c(w) = w**3 + 7*w**2 + 4*w. What is the remainder when c(z) is divided by 4?
0
Suppose 2*w - 14 - 4 = 4*n, 0 = -n + 4*w - 22. Suppose 10 + 10 = 4*k. Calculate the remainder when ((-6)/n - 4) + 10 is divided by k.
4
Let u = -100 + 147. Calculate the remainder when u is divided by 12.
11
Calculate the remainder when 77 is divided by 36 - ((-19)/7 - 6/21).
38
Let o = -7 - -12. Suppose -3*h + 382 = i, -2*h + o*i + 154 = -95. Suppose 3*w - h = -37. Calculate the remainder when w is divided by 11.
8
Let p(k) = -k**2 + 11*k - 9. Suppose 5*a = 132 - 22. Suppose -5*t - 40 = -5*b - 0*t, -4*t = -3*b + a. Calculate the remainder when p(7) is divided by b.
9
Let s be (-6)/(-8) - (-26)/8. What is the remainder when 37 - (-1 - 1/(-1)) is divided by s*(0 - (-39)/12)?
11
Let q = 98 + -9. Calculate the remainder when q is divided by 15.
14
Let b(a) = 19*a**2 + a - 3*a**2 + 33*a**2. Suppose 0 = m + r - 21, 0 = 4*m + 5*r - 2*r - 80. Calculate the remainder when b(1) is divided by m.
16
Let i be 77 + -4 + 2 + -4. Suppose -i = -2*h - 5*q, -2*h - 3*h + 3*q = -100. What is the remainder when h is divided by 12?
11
Let c(f) = 2*f - 7. Let o be c(12). Suppose -4*t + o = -27. Calculate the remainder when 21 is divided by t.
10
Suppose 0 = -i - i + 26. Let c = i + 2. Calculate the remainder when 58 is divided by c.
13
Suppose 8*l = 2*l + 102. Calculate the remainder when 48 is divided by l.
14
Suppose 4*p + 5*l = 7, -10 = -5*p + 3*l + 45. Suppose 8*q = 4*q + 136. Suppose 12 = -u + q. What is the remainder when u is divided by p?
6
Let m be 10/(4/6*-3). What is the remainder when m*(-3)/(15/7) is divided by 2?
1
Calculate the remainder when 123 is divided by -3 + (-229)/(-11) + 4/22.
15
Let n(o) = -2*o**3 + 2*o**2 - 2*o + 2. Let m be n(2). Calculate the remainder when 228/30 + (-4)/m is divided by 3.
2
Let f = 29 - -5. What is the remainder when f is divided by 9?
7
Suppose 0 = -u + 11 + 98. Calculate the remainder when u is divided by 22.
21
Suppose -3*j + 46 = k, -5*j = -2*k + k - 82. What is the remainder when 0 + ((-94)/(-2) - 1) is divided by j?
14
Suppose -c + 645 = 4*c. Suppose -2*p + 0*q + c = -3*q, 3*q = -15. Calculate the remainder when p is divided by 20.
17
Let s(v) = -v - 2. Let g be s(-2). Suppose 5*z = -m + 2*m - 59, 4*z - 3*m + 56 = g. Let a = z - -21. What is the remainder when a is divided by 3?
1
Let y = 0 - -5. Suppose 0*q = -3*q + 6. Suppose 2*p = -3*z + 16, q*z + 3*p - 18 = -z. Calculate the remainder when y is divided by z.
1
Let j(n) = -5*n + 8. Let l be j(-9). Suppose 2*i - 4*w - 13 = 3, -l = -5*i - 3*w. Calculate the remainder when 39 is divided by i.
9
Suppose -2*y = -10 - 12. Calculate the remainder when y is divided by 5.
1
Let g be ((-8)/(-10))/(4/(-20)). Let c be 2/(16/(-10))*g. Suppose c*k + 3*h = 72, 5*h - 40 = -3*k - 0*k. Calculate the remainder when 57 is divided by k.
12
Suppose -5*g = -4*f - 279, 287 = 5*g - 4*f + 2*f. Calculate the remainder when g is divided by 20.
19
Suppose -5*w + 3*w + 46 = 4*i, 0 = 3*i - 2*w - 45. Suppose 2*f - 58 - 16 = 0. Calculate the remainder when f is divided by i.
11
Let y be 3/5 - (48/30)/(-4). Let s be (0 - 1/(-2))*2. What is the remainder when 11 is divided by 12*s/(3 - y)?
5
Let v be 0 - 9 - -2 - -1. Let j = v + 5. Calculate the remainder when 36 is divided by (j/(-3))/((-2)/(-114)).
17
Let r(t) = -t**3 - 10*t**2 + 6. Let s be 4/(-14) + 340/(-35). What is the remainder when 10 is divided by r(s)?
4
Let q(b) = 8*b. Calculate the remainder when 61 is divided by q(2).
13
Let k(j) = -50*j**3 + 1. Suppose 4*n - 11 = -o + 3, -o - 5*n + 13 = 0. What is the remainder when k(-1) is divided by o?
15
Let j(k) = -2*k**3 - 2*k**2 - 2*k - 1. Let m = -38 + 39. What is the remainder when j(-1) is divided by m?
0
Suppose 116 = 4*c + 2*h, -75 = -5*c + 5*h + 85. Calculate the remainder when 22 is divided by 220/c - (-4)/6.
6
Let l = 220 - 215. Calculate the remainder when 94 is divided by l.
4
Suppose 5 - 11 = 3*v. What is the remainder when 15 is divided by 18/4 - (-1)/v?
3
Suppose 7*b - 161 = 2*b + 2*h, 43 = b - 4*h. Calculate the remainder when b is divided by 22/4*(-1)/(6/(-12)).
9
Let p = 38 - -11. Calculate the remainder when p is divided by 30.
19
Suppose -p + 31 = -4*m, 6*p + 3*m = 3*p + 63. Calculate the remainder when p is divided by 13.
10
Let x(o) = 0*o - o + 7*o + 2*o + 2. What is the remainder when x(7) is divided by 20?
18
What is the remainder when (-8)/(-6) + 4/6 is divided by 2?
0
Let o(w) = w**2 + 3*w + 3. Calculate the remainder when 64 is divided by o(-5).
12
Let p be 2*(0 + (-2)/(-2)). Suppose -5*t = -5*v + 70, -p*v + 3*t + 11 = -16. What is the remainder when 43 is divided by v?
13
What is the remainder when 59 is divided by 9 + (-8)/((-48)/18)?
11
Let l be 2/(-6) - (-3)/9. Suppose p + 0*p - 4 = l. Suppose 0*t + 38 = 3*t - 5*k, 0 = 2*t - k - 16. What is the remainder when t is divided by p?
2
Let m = 27 - -39. What is the remainder when m is divided by 3?
0
Let q(z) = 23*z**2 - z - 2. Let j be q(-1). Let d = 18 + j. What is the remainder when d is divided by (28/6)/((-2)/(-9))?
19
Let b = 23 + 14. Suppose 0*q = 2*z + 2*q - 12, 0 = -4*z + 2*q + 48. What is the remainder when b is divided by z?
7
What is the remainder when 7 is divided by (-3 + -1 + 5)*4/2?
1
Let j be (-145)/(-11) + 4/(-22). What is the remainder when 27 is divided by (-2)/j - 106/(-13)?
3
Let c(y) = y**3 + 7*y**2 + 6*y + 5. Let s be c(-6). Suppose 12 = s*n - n. Let a = 27 - 19. Calculate the remainder when a is divided by n.
2
Let i be ((-3)/6)/((-1)/(-44)). Let m be (-287)/6 - (-2)/(-12). Let h = i - m. What is the remainder when h is divided by 9?
8
Suppose d + 2 = 9. Let t(u) = u**2 + u + 2. Let g be t(-3). What is the remainder when (-338)/(-18) - g/(-36) is divided by d?
5
Suppose -17*g + 12*g - 14 = -2*u, 2*u - g - 30 = 0. Let r = -17 + 26. What is the remainder when u is divided by r?
8
Suppose 4*z - 8 = -0*z. Calculate the remainder when 3 is divided by z.
1
Suppose 116 = 4*t + 24. What is the remainder when 91 is divided by t?
22
Suppose -16 = -3*n - 7. Calculate the remainder when 14 is divided by n.
2
Suppose 6*s - 4*s = -114. Let n = s - -93. Calculate the remainder when n is divided by 19.
17
Suppose -4*p + w + 47 = 0, w - 1 = 4. Calculate the remainder when 36 is divided by p.
10
Suppose -u + 7 = -0*u. Let d = u - -7. Calculate the remainder when (132/(-20) - -7)*(-2 + 67) is divided by d.
12
Let l = -7 + 2. Let n = l - -14. What is the remainder when n is divided by 94/18 + (-2)/9?
4
Let r be ((-2)/(-3))/((-4)/(-90)). What is the remainder when r/2*30/9 is divided by 9?
7
Suppose p + p - 3*w = 58, 145 = 5*p + 2*w. Calculate the remainder when p is divided by 16.
13
Let x = 3 - 4. Suppose -14*a - 2 = -15*a. Calculate the remainder when (2/6 + x)*-3 is divided by a.
0
Let m(c) = c + 5. Let i = 85 + -49. Calculate the remainder when i is divided by m(8).
10
Let p(u) = 24*u**2 + 2*u + 4. Suppose 0 = -2*w 